{"id":756,"date":"2017-01-23T18:32:05","date_gmt":"2017-01-23T11:32:05","guid":{"rendered":"http:\/\/forbetterweb.com\/universal\/?page_id=756"},"modified":"2024-09-10T14:00:38","modified_gmt":"2024-09-10T14:00:38","slug":"half-screen-parallax","status":"publish","type":"page","link":"https:\/\/ec-be.fr\/","title":{"rendered":"Accueil"},"content":{"rendered":"<div class=\"wpb-content-wrapper\"><p>[vc_row full_width=\u00a0\u00bbstretch_row_content_no_spaces\u00a0\u00bb][vc_column]<div data-background=\"https:\/\/ec-be.fr\/wp-content\/uploads\/2024\/09\/AccueilCabinetECBE-2.jpg\" class=\"intro\" style=\"height:650px !important;\"><div class=\"intro-body\"><div class=\"container\"><div class=\"row\"><div class=\"col-md-6 col-md-offset-3\"><h1 style=\"font-size: ; font-family: Raleway; line-height: ;\" class=\"\">Cabinet EC-BE<\/h1><h4 style=\"font-family: ;\" class=\"\">\u00c9conomiste et maitre d&#039;\u0153uvre d&#039;\u00e9x\u00e9cution<\/h4><\/div><\/div><\/div><\/div><\/div><script>\r\njQuery.noConflict()(function($){\r\n\"use strict\";\r\n\r\n        var introHeader = $(\".intro\"),\r\n            intro = $(\".intro\");\r\n\r\n        buildModuleHeader(introHeader);\r\n\r\n        $(window).resize(function() {\r\n            var width = Math.max($(window).width(), window.innerWidth);\r\n            buildModuleHeader(introHeader);\r\n        });\r\n\r\n        $(window).scroll(function() {\r\n            effectsModuleHeader(introHeader, this);\r\n        });\r\n\r\n        intro.each(function(i) {\r\n            if ($(this).attr(\"data-background\")) {\r\n                $(this).css(\"background-image\", \"url(\" + $(this).attr(\"data-background\") + \")\");\r\n            }\r\n        });\r\n\r\n\r\n        function buildModuleHeader(introHeader) {\r\n        };\r\n        function effectsModuleHeader(introHeader, scrollTopp) {\r\n            if (introHeader.length > 0) {\r\n                var homeSHeight = introHeader.height();\r\n                var topScroll = $(document).scrollTop();\r\n                if ((introHeader.hasClass(\"intro\")) && ($(scrollTopp).scrollTop() <= homeSHeight)) {\r\n                    introHeader.css(\"top\", (topScroll * .4));\r\n                }\r\n                if (introHeader.hasClass(\"intro\") && ($(scrollTopp).scrollTop() <= homeSHeight)) {\r\n                    introHeader.css(\"opacity\", (1 - topScroll\/introHeader.height() * 1));\r\n                }\r\n            }\r\n        };\r\n});\r\n\t<\/script>[\/vc_column][\/vc_row][vc_row css=\u00a0\u00bb.vc_custom_1699451182282{padding-top: 80px !important;}\u00a0\u00bb el_id=\u00a0\u00bbabout\u00a0\u00bb][vc_column css=\u00a0\u00bb.vc_custom_1699298143282{margin-bottom: -50px !important;}\u00a0\u00bb][vc_row_inner css=\u00a0\u00bb.vc_custom_1699298181622{margin-bottom: -100px !important;}\u00a0\u00bb][vc_column_inner width=\u00a0\u00bb1\/2&Prime; offset=\u00a0\u00bbvc_col-lg-offset-0 vc_col-lg-6 vc_col-md-offset-0 vc_col-md-6 vc_col-sm-offset-0 vc_col-xs-12&Prime;]<div class=\"promo-block  \">\r\n            \t<h3>Qui sommes nous ?<\/h3>\r\n            \t<p><\/p>\r\n              <\/div>[vc_column_text css=\u00a0\u00bb.vc_custom_1698149052936{margin-bottom: 0px !important;}\u00a0\u00bb]Nous intervenons aupr\u00e8s des bailleurs sociaux, promoteurs, syndics et gestionnaires de biens, pour leur apporter notre expertise, allant du simple besoin d\u2019Audit technique \u00e0 la construction de logements.<\/p>\n<p>Notre volont\u00e9 : apporter des solutions \u00e0 nos clients \u00e0 travers la gestion et le suivi de projets.<\/p>\n<p><strong>L&rsquo;\u00e9quipe EC-BE<\/strong>[\/vc_column_text][vc_empty_space][vc_single_image image=\u00a0\u00bb2129&Prime; img_size=\u00a0\u00bb140&#215;36&Prime; onclick=\u00a0\u00bbcustom_link\u00a0\u00bb img_link_target=\u00a0\u00bb_blank\u00a0\u00bb link=\u00a0\u00bbhttps:\/\/www.linkedin.com\/company\/ec-be\/\u00a0\u00bb][\/vc_column_inner][vc_column_inner el_class=\u00a0\u00bbresp-marg-50&Prime; width=\u00a0\u00bb1\/2&Prime; offset=\u00a0\u00bbvc_col-lg-offset-1 vc_col-lg-5 vc_col-md-offset-0 vc_col-md-6 vc_col-sm-offset-0 vc_col-xs-12&Prime;][vc_single_image image=\u00a0\u00bb2358&Prime; img_size=\u00a0\u00bbfull\u00a0\u00bb][\/vc_column_inner][\/vc_row_inner][\/vc_column][\/vc_row][vc_row full_width=\u00a0\u00bbstretch_row_content\u00a0\u00bb parallax=\u00a0\u00bbcontent-moving\u00a0\u00bb parallax_image=\u00a0\u00bb29&Prime; css=\u00a0\u00bb.vc_custom_1699298239130{border-top-width: 100px !important;}\u00a0\u00bb][vc_column css=\u00a0\u00bb.vc_custom_1699298094063{background-image: url(https:\/\/ec-be.fr\/wp-content\/uploads\/2023\/11\/Fond-claire.jpg?id=2159) !important;background-position: center !important;background-repeat: no-repeat !important;background-size: cover !important;}\u00a0\u00bb][vc_row_inner content_placement=\u00a0\u00bbmiddle\u00a0\u00bb css=\u00a0\u00bb.vc_custom_1699451440314{margin-right: 200px !important;margin-left: 200px !important;background-position: center !important;background-repeat: no-repeat !important;background-size: contain !important;}\u00a0\u00bb][vc_column_inner]<div class=\"promo-block center \">\r\n            \t<h3>Nos services<\/h3>\r\n            \t<p>Le Cabinet EC-BE se distingue par son r\u00f4le essentiel dans la coordination des intervenants, la gestion de projet int\u00e9gr\u00e9e et la garantie de qualit\u00e9 dans le domaine de la construction. Avec une expertise \u00e9prouv\u00e9e, EC-BE transforme les visions en r\u00e9alisations concr\u00e8tes, tout en maintenant une communication transparente et en respectant les normes les plus \u00e9lev\u00e9es.<\/p>\r\n              <\/div>[\/vc_column_inner][\/vc_row_inner][vc_row_inner equal_height=\u00a0\u00bbyes\u00a0\u00bb content_placement=\u00a0\u00bbmiddle\u00a0\u00bb gap=\u00a0\u00bb30&Prime;][vc_column_inner width=\u00a0\u00bb1\/3&Prime;]<div class=\"wow fadeIn\" data-wow-delay=\"0.4s\">\r\n\t\t\t\t<div class=\"hi-icon-effect \"><div class=\"hi-icon\"><a href=\"https:\/\/ec-be.fr\/?page_id=2308\"><i class=\"ion-android-checkbox-outline\"><\/i><\/a><\/div><div class=\"service-name\">Audit \/ DTG<\/div>\r\n\t              \t<div class=\"service-text\"><\/div>\r\n\t            <\/div>\r\n            <\/div><div class=\"wow fadeIn\" data-wow-delay=\"1s\">\r\n\t\t\t\t<div class=\"hi-icon-effect \"><div class=\"hi-icon image\"><a href=\"https:\/\/ec-be.fr\/?page_id=2333\"><img decoding=\"async\" src=\"https:\/\/ec-be.fr\/wp-content\/uploads\/2024\/02\/IconCasque.png\" alt=\"\"><\/a><\/div><div class=\"service-name\">Maitrise d&#039;oeuvre<\/div>\r\n\t              \t<div class=\"service-text\"><\/div>\r\n\t            <\/div>\r\n            <\/div>[\/vc_column_inner][vc_column_inner width=\u00a0\u00bb1\/3&Prime;]<div class=\"wow fadeIn\" data-wow-delay=\"0.2s\">\r\n\t\t\t\t<div class=\"hi-icon-effect \"><div class=\"hi-icon\"><a href=\"https:\/\/ec-be.fr\/?page_id=2318\"><i class=\"ion-android-contacts\"><\/i><\/a><\/div><div class=\"service-name\">Expertise \/ Conseil technique<\/div>\r\n\t              \t<div class=\"service-text\"><\/div>\r\n\t            <\/div>\r\n            <\/div><div class=\"wow fadeIn\" data-wow-delay=\"0.8s\">\r\n\t\t\t\t<div class=\"hi-icon-effect \"><div class=\"hi-icon\"><a href=\"https:\/\/ec-be.fr\/?page_id=2338\"><i class=\"ion-wrench\"><\/i><\/a><\/div><div class=\"service-name\">Assistance \u00e0 Ma\u00eetrise d\u2019Ouvrage<\/div>\r\n\t              \t<div class=\"service-text\"><\/div>\r\n\t            <\/div>\r\n            <\/div>[\/vc_column_inner][vc_column_inner width=\u00a0\u00bb1\/3&Prime;]<div class=\"wow fadeIn\" data-wow-delay=\"0.6s\">\r\n\t\t\t\t<div class=\"hi-icon-effect \"><div class=\"hi-icon\"><a href=\"https:\/\/ec-be.fr\/?page_id=2325\"><i class=\"ion-ios-calculator\"><\/i><\/a><\/div><div class=\"service-name\">Economie de la Construction<\/div>\r\n\t              \t<div class=\"service-text\"><\/div>\r\n\t            <\/div>\r\n            <\/div><div class=\"wow fadeIn\" data-wow-delay=\"0.6s\">\r\n\t\t\t\t<div class=\"hi-icon-effect \"><div class=\"hi-icon\"><a href=\"https:\/\/ec-be.fr\/?page_id=2343\"><i class=\"ion-ios-stopwatch\"><\/i><\/a><\/div><div class=\"service-name\">OPC<\/div>\r\n\t              \t<div class=\"service-text\"><\/div>\r\n\t            <\/div>\r\n            <\/div>[\/vc_column_inner][\/vc_row_inner][\/vc_column][\/vc_row][vc_row full_width=\u00a0\u00bbstretch_row_content_no_spaces\u00a0\u00bb css=\u00a0\u00bb.vc_custom_1692627504643{background-color: #f6f6f6 !important;}\u00a0\u00bb][vc_column][vc_row_inner][vc_column_inner]<div class=\"promo-block center \">\r\n            \t<h3>PROJETS<\/h3>\r\n            \t<p><\/p>\r\n              <\/div>[\/vc_column_inner][\/vc_row_inner][vc_row_inner][vc_column_inner width=\u00a0\u00bb1\/4&Prime; offset=\u00a0\u00bbvc_col-lg-3 vc_col-md-3 vc_col-xs-12&Prime;]<div class=\"portfolio-item\" style=\"height:400px;\"><div style=\"background:url(https:\/\/ec-be.fr\/wp-content\/uploads\/2024\/01\/Villeneuve01-VUE-GENERALE-scaled.jpg)\"><\/div><a href=\"https:\/\/ec-be.fr\/?portfolio=villeneuve\" class=\"portfolio-overlay\"><div class=\"caption\"><h5>VILLENEUVE<\/h5><span>Entretien du patrimoine d&rsquo;un tr\u00e8s bel immeuble de Clichy (92) Traitement des fa\u00e7ades pierre et mise en peinture des garde-corps Remplacement des bandeaux en protection des corniches Etanch\u00e9it\u00e9 des balcons Quelques chiffres : 380m\u00b2 de fa\u00e7ade (reprise de ma\u00e7onnerie et r\u00e9fection de mod\u00e9natures et volutes pierre) \/ Remplacement de 105ml de bandeaux \/ R\u00e9fection de...<\/span><\/div><\/a><\/div>[\/vc_column_inner][vc_column_inner width=\u00a0\u00bb1\/4&Prime;]<div class=\"portfolio-item\" style=\"height:400px;\"><div style=\"background:url(https:\/\/ec-be.fr\/wp-content\/uploads\/2024\/01\/CHANNELOUTLET1.jpg)\"><\/div><a href=\"https:\/\/ec-be.fr\/?portfolio=channel-outlet\" class=\"portfolio-overlay\"><div class=\"caption\"><h5>CHANNEL OUTLET<\/h5><span>R\u00e9novation du Centre Commercial Channel Outlet \u00e0 Coquelles (62). Travaux r\u00e9alis\u00e9s : Cr\u00e9ation d\u2019espaces de repos, breakzone, services et jeux pour enfants &#8211; Travail sur les signalisations directionnelles et visibilit\u00e9 des marques &#8211; Remodling des communications en fa\u00e7ades &#8211; Mise en place d\u2019un espace d\u2019affichage\/exposition culturelle. Mission EC-BE\u00a0: MOE compl\u00e8te MOA\u00a0: PRIMONIAL, ADVANTAIL Designer\u00a0: Market...<\/span><\/div><\/a><\/div>[\/vc_column_inner][vc_column_inner width=\u00a0\u00bb1\/4&Prime;]<div class=\"portfolio-item\" style=\"height:400px;\"><div style=\"background:url(https:\/\/ec-be.fr\/wp-content\/uploads\/2024\/01\/CDD-EXT1-scaled.jpg)\"><\/div><a href=\"https:\/\/ec-be.fr\/?portfolio=cdd-cour-des-ducs\" class=\"portfolio-overlay\"><div class=\"caption\"><h5>CDD COUR DES DUCS<\/h5><span>Construction neuve de 68 logements collectifs \u00e0 Puteaux (92), au c\u0153ur de l\u2019\u00e9co quartier des Berg\u00e8res Prestation de haut standing, fa\u00e7ade en pierre de taille, couverture ardoise en d\u00f4me, hall haut de gamme Missions EC-BE\u00a0: MOE et OPC MOA\u00a0: SEGER Livraison\u00a0: mai 2022<\/span><\/div><\/a><\/div>[\/vc_column_inner][vc_column_inner width=\u00a0\u00bb1\/4&Prime;]<div class=\"portfolio-item\" style=\"height:400px;\"><div style=\"background:url(https:\/\/ec-be.fr\/wp-content\/uploads\/2024\/01\/SomedOrleans1-scaled.jpg)\"><\/div><a href=\"https:\/\/ec-be.fr\/?portfolio=somed-orleans\" class=\"portfolio-overlay\"><div class=\"caption\"><h5>SOMED ORLEANS<\/h5><span>Am\u00e9nagement d\u2019un centre de sant\u00e9 SOMED de 525 m2 dans le C.C. AUCHAN de Saint Jean de la Ruelle (45) Ce nouvel \u00e9tablissement SoMeD comprend 17 salles de soin : M\u00e9decine g\u00e9n\u00e9rale (7 cabinets), M\u00e9decine sp\u00e9cialis\u00e9e : cabinets dentaires et salles de radiologies. Mission EC-BE\u00a0: MOE compl\u00e8te MOA\u00a0: SoMeD Sant\u00e9 Livraison\u00a0: mars 2023 &nbsp;<\/span><\/div><\/a><\/div>[\/vc_column_inner][\/vc_row_inner][vc_row_inner][vc_column_inner el_class=\u00a0\u00bbtext-center\u00a0\u00bb]<a class=\"universal_vc_button\" data-title-color-hover=\"#777777\" data-bg-color-hover=\"#f6f6f6\" data-border-c-hover=\"#4d4d4d\"  href=\"https:\/\/ec-be.fr\/?page_id=1364\" target=\"_self\" style=\"display:inline-block; font-size:12px; line-heigth:12px; color:#000000; background-color:#f6f6f6; padding:8px 12px 6px 15px; margin:80px 0 0 0;; border-width:1px; border-style:solid; border-color:#4d4d4d; border-radius:0\">Voir les projets<\/a>[\/vc_column_inner][\/vc_row_inner][\/vc_column][\/vc_row][vc_row css=\u00a0\u00bb.vc_custom_1692779943516{padding-top: 50px !important;}\u00a0\u00bb][vc_column][vc_text_separator title=\u00a0\u00bbACTUS\u00a0\u00bb][vc_row_inner][vc_column_inner]<div class=\"promo-block  \">\r\n            \t<h3>Derniers articles<\/h3>\r\n            \t<p><\/p>\r\n              <\/div>[\/vc_column_inner][\/vc_row_inner][vc_row_inner][vc_column_inner width=\u00a0\u00bb1\/3&Prime;]<div class=\"blog-main\"> <div class=\"blog-images\"><div class=\"post-thumbnail\"><img decoding=\"async\" src=\"https:\/\/ec-be.fr\/wp-content\/uploads\/2023\/08\/Logo-EC-BE.jpg\" alt=\"\">  <\/div> <\/div> <div class=\"blog-name\"><h5><a href=\"https:\/\/ec-be.fr\/?p=1870\">L&rsquo;Art de la Coordination et de la R\u00e9alisation : Le R\u00f4le Essentiel du Cabinet EC-BE en Ma\u00eetrise d&rsquo;\u0152uvre<\/a><\/h5><\/div>  <div class=\"blog-text\"><p>Dans l&rsquo;univers complexe de la construction, un acteur cl\u00e9 \u00e9merge, garantissant la transformation de r\u00eaves architecturaux en r\u00e9alit\u00e9s palpables. Le Cabinet EC-BE, une r\u00e9f\u00e9rence en Ma\u00eetrise d&rsquo;\u0152uvre, joue un r\u00f4le essentiel en orchestrant la coordination, la gestion et la r\u00e9alisation fluide de projets de construction. Dans cet article, plongeons dans les missions fondamentales de ce...<\/p><\/div>  <div class=\"blog-read-more\"><a href=\"https:\/\/ec-be.fr\/?p=1870\">Read More<\/a><\/div><\/div>[\/vc_column_inner][vc_column_inner width=\u00a0\u00bb1\/3&Prime;]<div class=\"blog-main\"> <div class=\"blog-images\"><div class=\"post-thumbnail\"><img decoding=\"async\" src=\"https:\/\/ec-be.fr\/wp-content\/uploads\/2023\/08\/Ravallement.jpg\" alt=\"\">  <\/div> <\/div> <div class=\"blog-name\"><h5><a href=\"https:\/\/ec-be.fr\/?p=1897\">Ravalements de Fa\u00e7ades dans les Grandes Villes : D\u00e9cryptage des Lois et R\u00e8glementations<\/a><\/h5><\/div>  <div class=\"blog-text\"><p>Lorsqu&rsquo;on arpente les rues des grandes villes, l&rsquo;aspect des b\u00e2timents peut laisser une impression durable. C&rsquo;est pourquoi de nombreuses municipalit\u00e9s ont mis en place des r\u00e9glementations strictes concernant les ravalements de fa\u00e7ades. Dans cet article, plongeons dans le monde complexe des lois qui guident ces transformations architecturales et d\u00e9couvrons comment elles influent sur le paysage...<\/p><\/div>  <div class=\"blog-read-more\"><a href=\"https:\/\/ec-be.fr\/?p=1897\">Read More<\/a><\/div><\/div>[\/vc_column_inner][vc_column_inner width=\u00a0\u00bb1\/3&Prime;]<div class=\"blog-main\"> <div class=\"blog-images\"><div class=\"post-thumbnail\"><img decoding=\"async\" src=\"https:\/\/ec-be.fr\/wp-content\/uploads\/2023\/08\/Toiture.jpg\" alt=\"\">  <\/div> <\/div> <div class=\"blog-name\"><h5><a href=\"https:\/\/ec-be.fr\/?p=1904\">Garder la T\u00eate Haute : L&rsquo;Art de l&rsquo;Entretien des Toitures d&rsquo;Immeuble<\/a><\/h5><\/div>  <div class=\"blog-text\"><p>Dans l&rsquo;environnement urbain anim\u00e9, les toitures d&rsquo;immeuble se dressent comme les gardiennes silencieuses du paysage. Cependant, elles n\u00e9cessitent une attention constante pour assurer leur durabilit\u00e9 et leur performance. Dans cet article, explorons l&rsquo;importance cruciale de l&rsquo;entretien des toitures d&rsquo;immeuble et d\u00e9couvrons comment cette pratique contribue \u00e0 pr\u00e9server l&rsquo;int\u00e9grit\u00e9 des b\u00e2timents et \u00e0 cr\u00e9er des espaces...<\/p><\/div>  <div class=\"blog-read-more\"><a href=\"https:\/\/ec-be.fr\/?p=1904\">Read More<\/a><\/div><\/div>[\/vc_column_inner][\/vc_row_inner][vc_row_inner][vc_column_inner width=\u00a0\u00bb1\/3&Prime;]<div class=\"blog-main\"><\/div>[\/vc_column_inner][vc_column_inner el_class=\u00a0\u00bbtext-center\u00a0\u00bb width=\u00a0\u00bb1\/3&Prime;]<a class=\"universal_vc_button\" data-title-color-hover=\"#777777\" data-bg-color-hover=\"#ffffff\" data-border-c-hover=\"#4d4d4d\"  href=\"https:\/\/ec-be.fr\/?page_id=368\" target=\"_self\" style=\"display:inline-block; font-size:12px; line-heigth:12px; color:#000000; background-color:#ffffff; padding:8px 12px 6px 15px; margin:0; border-width:1px; border-style:solid; border-color:#4d4d4d; border-radius:0px\">Voir plus d'articles<\/a><div class=\"blog-main\"><\/div>[\/vc_column_inner][vc_column_inner width=\u00a0\u00bb1\/3&Prime;]<div class=\"blog-main\"><\/div>[\/vc_column_inner][\/vc_row_inner][vc_empty_space][\/vc_column][\/vc_row][vc_row][vc_column][vc_text_separator title=\u00a0\u00bbIls nous font confiance\u00a0\u00bb][\/vc_column][\/vc_row][vc_row][vc_column width=\u00a0\u00bb1\/4&Prime;][vc_single_image image=\u00a0\u00bb2076&Prime;][\/vc_column][vc_column width=\u00a0\u00bb1\/4&Prime;][vc_single_image image=\u00a0\u00bb2055&Prime;][\/vc_column][vc_column width=\u00a0\u00bb1\/4&Prime;][vc_single_image image=\u00a0\u00bb2062&Prime;][\/vc_column][vc_column width=\u00a0\u00bb1\/4&Prime;][vc_single_image image=\u00a0\u00bb2073&Prime;][\/vc_column][\/vc_row][vc_row][vc_column width=\u00a0\u00bb1\/4&Prime;][vc_single_image image=\u00a0\u00bb1986&Prime;][\/vc_column][vc_column width=\u00a0\u00bb1\/4&Prime;][vc_single_image image=\u00a0\u00bb2070&Prime;][\/vc_column][vc_column width=\u00a0\u00bb1\/4&Prime;][vc_single_image image=\u00a0\u00bb2071&Prime;][\/vc_column][vc_column width=\u00a0\u00bb1\/4&Prime;][vc_single_image image=\u00a0\u00bb2068&Prime;][\/vc_column][\/vc_row][vc_row][vc_column width=\u00a0\u00bb1\/4&Prime;][vc_single_image image=\u00a0\u00bb2067&Prime;][\/vc_column][vc_column width=\u00a0\u00bb1\/4&Prime;][vc_single_image image=\u00a0\u00bb2066&Prime;][\/vc_column][vc_column width=\u00a0\u00bb1\/4&Prime;][vc_single_image image=\u00a0\u00bb2064&Prime;][\/vc_column][vc_column width=\u00a0\u00bb1\/4&Prime;][vc_single_image image=\u00a0\u00bb2080&Prime;][\/vc_column][\/vc_row][vc_row][vc_column width=\u00a0\u00bb1\/4&Prime;][vc_single_image image=\u00a0\u00bb2079&Prime;][\/vc_column][vc_column width=\u00a0\u00bb1\/4&Prime;][vc_single_image image=\u00a0\u00bb2057&Prime;][\/vc_column][vc_column width=\u00a0\u00bb1\/4&Prime;][vc_single_image image=\u00a0\u00bb2075&Prime;][\/vc_column][vc_column width=\u00a0\u00bb1\/4&Prime;][vc_single_image image=\u00a0\u00bb2059&Prime;][\/vc_column][\/vc_row][vc_row][vc_column width=\u00a0\u00bb1\/4&Prime;][vc_single_image image=\u00a0\u00bb2078&Prime;][\/vc_column][vc_column width=\u00a0\u00bb1\/4&Prime;][vc_single_image image=\u00a0\u00bb2077&Prime;][\/vc_column][vc_column width=\u00a0\u00bb1\/4&Prime;][vc_single_image image=\u00a0\u00bb2074&Prime;][\/vc_column][vc_column width=\u00a0\u00bb1\/4&Prime;][vc_single_image image=\u00a0\u00bb2072&Prime;][\/vc_column][\/vc_row][vc_row][vc_column width=\u00a0\u00bb1\/4&Prime;][vc_single_image image=\u00a0\u00bb2069&Prime;][\/vc_column][vc_column width=\u00a0\u00bb1\/4&Prime;][vc_single_image image=\u00a0\u00bb2065&Prime;][\/vc_column][vc_column width=\u00a0\u00bb1\/4&Prime;][vc_single_image image=\u00a0\u00bb2063&Prime;][\/vc_column][vc_column width=\u00a0\u00bb1\/4&Prime;][vc_single_image image=\u00a0\u00bb2061&Prime;][\/vc_column][\/vc_row]<\/p>\n<\/div>","protected":false},"excerpt":{"rendered":"<p>[vc_row full_width=\u00a0\u00bbstretch_row_content_no_spaces\u00a0\u00bb][vc_column][\/vc_column][\/vc_row][vc_row css=\u00a0\u00bb.vc_custom_1699451182282{padding-top: 80px !important;}\u00a0\u00bb el_id=\u00a0\u00bbabout\u00a0\u00bb][vc_column css=\u00a0\u00bb.vc_custom_1699298143282{margin-bottom: -50px !important;}\u00a0\u00bb][vc_row_inner css=\u00a0\u00bb.vc_custom_1699298181622{margin-bottom: -100px !important;}\u00a0\u00bb][vc_column_inner width=\u00a0\u00bb1\/2&Prime; offset=\u00a0\u00bbvc_col-lg-offset-0 vc_col-lg-6 vc_col-md-offset-0 vc_col-md-6 vc_col-sm-offset-0 vc_col-xs-12&Prime;][vc_column_text css=\u00a0\u00bb.vc_custom_1698149052936{margin-bottom: 0px !important;}\u00a0\u00bb]Nous intervenons aupr\u00e8s des bailleurs sociaux, promoteurs, syndics et gestionnaires de biens, pour leur apporter notre expertise, allant du simple besoin d\u2019Audit technique \u00e0 la construction de logements. Notre volont\u00e9 : apporter des solutions&#8230;<\/p>\n","protected":false},"author":1,"featured_media":0,"parent":0,"menu_order":0,"comment_status":"closed","ping_status":"closed","template":"homepage.php","meta":{"footnotes":""},"class_list":["post-756","page","type-page","status-publish","hentry"],"yoast_head":"<!-- This site is optimized with the Yoast SEO plugin v26.9 - https:\/\/yoast.com\/product\/yoast-seo-wordpress\/ -->\n<title>Accueil - Cabinet ec-be<\/title>\n<meta name=\"robots\" content=\"index, follow, max-snippet:-1, max-image-preview:large, max-video-preview:-1\" \/>\n<link rel=\"canonical\" href=\"https:\/\/ec-be.fr\/\" \/>\n<meta property=\"og:locale\" content=\"fr_FR\" \/>\n<meta property=\"og:type\" content=\"article\" \/>\n<meta property=\"og:title\" content=\"Accueil - Cabinet ec-be\" \/>\n<meta property=\"og:description\" content=\"[vc_row full_width=\u00a0\u00bbstretch_row_content_no_spaces\u00a0\u00bb][vc_column][\/vc_column][\/vc_row][vc_row css=\u00a0\u00bb.vc_custom_1699451182282{padding-top: 80px !important;}\u00a0\u00bb el_id=\u00a0\u00bbabout\u00a0\u00bb][vc_column css=\u00a0\u00bb.vc_custom_1699298143282{margin-bottom: -50px !important;}\u00a0\u00bb][vc_row_inner css=\u00a0\u00bb.vc_custom_1699298181622{margin-bottom: -100px !important;}\u00a0\u00bb][vc_column_inner width=\u00a0\u00bb1\/2&Prime; offset=\u00a0\u00bbvc_col-lg-offset-0 vc_col-lg-6 vc_col-md-offset-0 vc_col-md-6 vc_col-sm-offset-0 vc_col-xs-12&Prime;][vc_column_text css=\u00a0\u00bb.vc_custom_1698149052936{margin-bottom: 0px !important;}\u00a0\u00bb]Nous intervenons aupr\u00e8s des bailleurs sociaux, promoteurs, syndics et gestionnaires de biens, pour leur apporter notre expertise, allant du simple besoin d\u2019Audit technique \u00e0 la construction de logements. Notre volont\u00e9 : apporter des solutions...\" \/>\n<meta property=\"og:url\" content=\"https:\/\/ec-be.fr\/\" \/>\n<meta property=\"og:site_name\" content=\"Cabinet ec-be\" \/>\n<meta property=\"article:modified_time\" content=\"2024-09-10T14:00:38+00:00\" \/>\n<meta name=\"twitter:card\" content=\"summary_large_image\" \/>\n<meta name=\"twitter:label1\" content=\"Dur\u00e9e de lecture estim\u00e9e\" \/>\n\t<meta name=\"twitter:data1\" content=\"2 minutes\" \/>\n<script type=\"application\/ld+json\" class=\"yoast-schema-graph\">{\"@context\":\"https:\/\/schema.org\",\"@graph\":[{\"@type\":\"WebPage\",\"@id\":\"https:\/\/ec-be.fr\/\",\"url\":\"https:\/\/ec-be.fr\/\",\"name\":\"Accueil - Cabinet ec-be\",\"isPartOf\":{\"@id\":\"https:\/\/ec-be.fr\/#website\"},\"datePublished\":\"2017-01-23T11:32:05+00:00\",\"dateModified\":\"2024-09-10T14:00:38+00:00\",\"breadcrumb\":{\"@id\":\"https:\/\/ec-be.fr\/#breadcrumb\"},\"inLanguage\":\"fr-FR\",\"potentialAction\":[{\"@type\":\"ReadAction\",\"target\":[\"https:\/\/ec-be.fr\/\"]}]},{\"@type\":\"BreadcrumbList\",\"@id\":\"https:\/\/ec-be.fr\/#breadcrumb\",\"itemListElement\":[{\"@type\":\"ListItem\",\"position\":1,\"name\":\"Accueil\",\"item\":\"https:\/\/ec-be.fr\/\"},{\"@type\":\"ListItem\",\"position\":2,\"name\":\"Accueil\"}]},{\"@type\":\"WebSite\",\"@id\":\"https:\/\/ec-be.fr\/#website\",\"url\":\"https:\/\/ec-be.fr\/\",\"name\":\"Cabinet ec-be\",\"description\":\"\",\"potentialAction\":[{\"@type\":\"SearchAction\",\"target\":{\"@type\":\"EntryPoint\",\"urlTemplate\":\"https:\/\/ec-be.fr\/?s={search_term_string}\"},\"query-input\":{\"@type\":\"PropertyValueSpecification\",\"valueRequired\":true,\"valueName\":\"search_term_string\"}}],\"inLanguage\":\"fr-FR\"}]}<\/script>\n<!-- \/ Yoast SEO plugin. -->","yoast_head_json":{"title":"Accueil - Cabinet ec-be","robots":{"index":"index","follow":"follow","max-snippet":"max-snippet:-1","max-image-preview":"max-image-preview:large","max-video-preview":"max-video-preview:-1"},"canonical":"https:\/\/ec-be.fr\/","og_locale":"fr_FR","og_type":"article","og_title":"Accueil - Cabinet ec-be","og_description":"[vc_row full_width=\u00a0\u00bbstretch_row_content_no_spaces\u00a0\u00bb][vc_column][\/vc_column][\/vc_row][vc_row css=\u00a0\u00bb.vc_custom_1699451182282{padding-top: 80px !important;}\u00a0\u00bb el_id=\u00a0\u00bbabout\u00a0\u00bb][vc_column css=\u00a0\u00bb.vc_custom_1699298143282{margin-bottom: -50px !important;}\u00a0\u00bb][vc_row_inner css=\u00a0\u00bb.vc_custom_1699298181622{margin-bottom: -100px !important;}\u00a0\u00bb][vc_column_inner width=\u00a0\u00bb1\/2&Prime; offset=\u00a0\u00bbvc_col-lg-offset-0 vc_col-lg-6 vc_col-md-offset-0 vc_col-md-6 vc_col-sm-offset-0 vc_col-xs-12&Prime;][vc_column_text css=\u00a0\u00bb.vc_custom_1698149052936{margin-bottom: 0px !important;}\u00a0\u00bb]Nous intervenons aupr\u00e8s des bailleurs sociaux, promoteurs, syndics et gestionnaires de biens, pour leur apporter notre expertise, allant du simple besoin d\u2019Audit technique \u00e0 la construction de logements. Notre volont\u00e9 : apporter des solutions...","og_url":"https:\/\/ec-be.fr\/","og_site_name":"Cabinet ec-be","article_modified_time":"2024-09-10T14:00:38+00:00","twitter_card":"summary_large_image","twitter_misc":{"Dur\u00e9e de lecture estim\u00e9e":"2 minutes"},"schema":{"@context":"https:\/\/schema.org","@graph":[{"@type":"WebPage","@id":"https:\/\/ec-be.fr\/","url":"https:\/\/ec-be.fr\/","name":"Accueil - Cabinet ec-be","isPartOf":{"@id":"https:\/\/ec-be.fr\/#website"},"datePublished":"2017-01-23T11:32:05+00:00","dateModified":"2024-09-10T14:00:38+00:00","breadcrumb":{"@id":"https:\/\/ec-be.fr\/#breadcrumb"},"inLanguage":"fr-FR","potentialAction":[{"@type":"ReadAction","target":["https:\/\/ec-be.fr\/"]}]},{"@type":"BreadcrumbList","@id":"https:\/\/ec-be.fr\/#breadcrumb","itemListElement":[{"@type":"ListItem","position":1,"name":"Accueil","item":"https:\/\/ec-be.fr\/"},{"@type":"ListItem","position":2,"name":"Accueil"}]},{"@type":"WebSite","@id":"https:\/\/ec-be.fr\/#website","url":"https:\/\/ec-be.fr\/","name":"Cabinet ec-be","description":"","potentialAction":[{"@type":"SearchAction","target":{"@type":"EntryPoint","urlTemplate":"https:\/\/ec-be.fr\/?s={search_term_string}"},"query-input":{"@type":"PropertyValueSpecification","valueRequired":true,"valueName":"search_term_string"}}],"inLanguage":"fr-FR"}]}},"_links":{"self":[{"href":"https:\/\/ec-be.fr\/index.php?rest_route=\/wp\/v2\/pages\/756","targetHints":{"allow":["GET"]}}],"collection":[{"href":"https:\/\/ec-be.fr\/index.php?rest_route=\/wp\/v2\/pages"}],"about":[{"href":"https:\/\/ec-be.fr\/index.php?rest_route=\/wp\/v2\/types\/page"}],"author":[{"embeddable":true,"href":"https:\/\/ec-be.fr\/index.php?rest_route=\/wp\/v2\/users\/1"}],"replies":[{"embeddable":true,"href":"https:\/\/ec-be.fr\/index.php?rest_route=%2Fwp%2Fv2%2Fcomments&post=756"}],"version-history":[{"count":175,"href":"https:\/\/ec-be.fr\/index.php?rest_route=\/wp\/v2\/pages\/756\/revisions"}],"predecessor-version":[{"id":2359,"href":"https:\/\/ec-be.fr\/index.php?rest_route=\/wp\/v2\/pages\/756\/revisions\/2359"}],"wp:attachment":[{"href":"https:\/\/ec-be.fr\/index.php?rest_route=%2Fwp%2Fv2%2Fmedia&parent=756"}],"curies":[{"name":"wp","href":"https:\/\/api.w.org\/{rel}","templated":true}]}}