{"id":2318,"date":"2024-04-25T09:29:49","date_gmt":"2024-04-25T09:29:49","guid":{"rendered":"https:\/\/ec-be.fr\/?page_id=2318"},"modified":"2024-04-25T09:35:25","modified_gmt":"2024-04-25T09:35:25","slug":"expertise-conseil-technique","status":"publish","type":"page","link":"https:\/\/ec-be.fr\/?page_id=2318","title":{"rendered":"Expertise \/ Conseil technique"},"content":{"rendered":"<div class=\"wpb-content-wrapper\"><p>[vc_row][vc_column width=\u00a0\u00bb2\/3&Prime;][vc_column_text]&nbsp;<\/p>\n<p>L\u2019expertise technique a pour objet l&rsquo;\u00e9valuation des d\u00e9sordres constat\u00e9s mais aussi le type de garantie pouvant couvrir la remise en \u00e9tat. Tous d\u00e9sordres constat\u00e9s non conformes \u00e0 la r\u00e9glementation seront d\u00e9nonc\u00e9s, qu&rsquo;ils proviennent de malfa\u00e7ons, non conformit\u00e9s, mauvaise ex\u00e9cution, etc.<\/p>\n<p>EC-BE accompagne ses clients sur les aspects techniques, tout au long de la proc\u00e9dure, en \u00e9troite collaboration avec le Conseil Juridique.<\/p>\n<p>L\u00e0 encore, l\u2019exp\u00e9rience sur le b\u00e2ti ancien, et les diff\u00e9rentes proc\u00e9dures, telles qu\u2019expertises dans le cadre d\u2019une Dommages-Ouvrage, judiciaires, ou amiables, nous permet de r\u00e9pondre parfaitement aux diff\u00e9rentes sollicitations.[\/vc_column_text][\/vc_column][vc_column width=\u00a0\u00bb1\/3&Prime;][vc_single_image image=\u00a0\u00bb2320&Prime; img_size=\u00a0\u00bbfull\u00a0\u00bb][\/vc_column][\/vc_row]<\/p>\n<\/div>","protected":false},"excerpt":{"rendered":"<p>[vc_row][vc_column width=\u00a0\u00bb2\/3&Prime;][vc_column_text]&nbsp; L\u2019expertise technique a pour objet l&rsquo;\u00e9valuation des d\u00e9sordres constat\u00e9s mais aussi le type de garantie pouvant couvrir la remise en \u00e9tat. Tous d\u00e9sordres constat\u00e9s non conformes \u00e0 la r\u00e9glementation seront d\u00e9nonc\u00e9s, qu&rsquo;ils proviennent de malfa\u00e7ons, non conformit\u00e9s, mauvaise ex\u00e9cution, etc. EC-BE accompagne ses clients sur les aspects techniques, tout au long de la&#8230;<\/p>\n","protected":false},"author":1,"featured_media":0,"parent":0,"menu_order":0,"comment_status":"closed","ping_status":"closed","template":"visual-composer.php","meta":{"footnotes":""},"class_list":["post-2318","page","type-page","status-publish","hentry"],"yoast_head":"<!-- This site is optimized with the Yoast SEO plugin v26.9 - https:\/\/yoast.com\/product\/yoast-seo-wordpress\/ -->\n<title>Expertise \/ Conseil technique - Cabinet ec-be<\/title>\n<meta name=\"robots\" content=\"index, follow, max-snippet:-1, max-image-preview:large, max-video-preview:-1\" \/>\n<link rel=\"canonical\" href=\"https:\/\/ec-be.fr\/?page_id=2318\" \/>\n<meta property=\"og:locale\" content=\"fr_FR\" \/>\n<meta property=\"og:type\" content=\"article\" \/>\n<meta property=\"og:title\" content=\"Expertise \/ Conseil technique - Cabinet ec-be\" \/>\n<meta property=\"og:description\" content=\"[vc_row][vc_column width=\u00a0\u00bb2\/3&Prime;][vc_column_text]&nbsp; L\u2019expertise technique a pour objet l&rsquo;\u00e9valuation des d\u00e9sordres constat\u00e9s mais aussi le type de garantie pouvant couvrir la remise en \u00e9tat. Tous d\u00e9sordres constat\u00e9s non conformes \u00e0 la r\u00e9glementation seront d\u00e9nonc\u00e9s, qu&rsquo;ils proviennent de malfa\u00e7ons, non conformit\u00e9s, mauvaise ex\u00e9cution, etc. EC-BE accompagne ses clients sur les aspects techniques, tout au long de la...\" \/>\n<meta property=\"og:url\" content=\"https:\/\/ec-be.fr\/?page_id=2318\" \/>\n<meta property=\"og:site_name\" content=\"Cabinet ec-be\" \/>\n<meta property=\"article:modified_time\" content=\"2024-04-25T09:35:25+00:00\" \/>\n<meta name=\"twitter:card\" content=\"summary_large_image\" \/>\n<meta name=\"twitter:label1\" content=\"Dur\u00e9e de lecture estim\u00e9e\" \/>\n\t<meta name=\"twitter:data1\" content=\"1 minute\" \/>\n<script type=\"application\/ld+json\" class=\"yoast-schema-graph\">{\"@context\":\"https:\/\/schema.org\",\"@graph\":[{\"@type\":\"WebPage\",\"@id\":\"https:\/\/ec-be.fr\/?page_id=2318\",\"url\":\"https:\/\/ec-be.fr\/?page_id=2318\",\"name\":\"Expertise \/ Conseil technique - Cabinet ec-be\",\"isPartOf\":{\"@id\":\"https:\/\/ec-be.fr\/#website\"},\"datePublished\":\"2024-04-25T09:29:49+00:00\",\"dateModified\":\"2024-04-25T09:35:25+00:00\",\"breadcrumb\":{\"@id\":\"https:\/\/ec-be.fr\/?page_id=2318#breadcrumb\"},\"inLanguage\":\"fr-FR\",\"potentialAction\":[{\"@type\":\"ReadAction\",\"target\":[\"https:\/\/ec-be.fr\/?page_id=2318\"]}]},{\"@type\":\"BreadcrumbList\",\"@id\":\"https:\/\/ec-be.fr\/?page_id=2318#breadcrumb\",\"itemListElement\":[{\"@type\":\"ListItem\",\"position\":1,\"name\":\"Accueil\",\"item\":\"https:\/\/ec-be.fr\/\"},{\"@type\":\"ListItem\",\"position\":2,\"name\":\"Expertise \/ Conseil technique\"}]},{\"@type\":\"WebSite\",\"@id\":\"https:\/\/ec-be.fr\/#website\",\"url\":\"https:\/\/ec-be.fr\/\",\"name\":\"Cabinet ec-be\",\"description\":\"\",\"potentialAction\":[{\"@type\":\"SearchAction\",\"target\":{\"@type\":\"EntryPoint\",\"urlTemplate\":\"https:\/\/ec-be.fr\/?s={search_term_string}\"},\"query-input\":{\"@type\":\"PropertyValueSpecification\",\"valueRequired\":true,\"valueName\":\"search_term_string\"}}],\"inLanguage\":\"fr-FR\"}]}<\/script>\n<!-- \/ Yoast SEO plugin. -->","yoast_head_json":{"title":"Expertise \/ Conseil technique - Cabinet ec-be","robots":{"index":"index","follow":"follow","max-snippet":"max-snippet:-1","max-image-preview":"max-image-preview:large","max-video-preview":"max-video-preview:-1"},"canonical":"https:\/\/ec-be.fr\/?page_id=2318","og_locale":"fr_FR","og_type":"article","og_title":"Expertise \/ Conseil technique - Cabinet ec-be","og_description":"[vc_row][vc_column width=\u00a0\u00bb2\/3&Prime;][vc_column_text]&nbsp; L\u2019expertise technique a pour objet l&rsquo;\u00e9valuation des d\u00e9sordres constat\u00e9s mais aussi le type de garantie pouvant couvrir la remise en \u00e9tat. Tous d\u00e9sordres constat\u00e9s non conformes \u00e0 la r\u00e9glementation seront d\u00e9nonc\u00e9s, qu&rsquo;ils proviennent de malfa\u00e7ons, non conformit\u00e9s, mauvaise ex\u00e9cution, etc. EC-BE accompagne ses clients sur les aspects techniques, tout au long de la...","og_url":"https:\/\/ec-be.fr\/?page_id=2318","og_site_name":"Cabinet ec-be","article_modified_time":"2024-04-25T09:35:25+00:00","twitter_card":"summary_large_image","twitter_misc":{"Dur\u00e9e de lecture estim\u00e9e":"1 minute"},"schema":{"@context":"https:\/\/schema.org","@graph":[{"@type":"WebPage","@id":"https:\/\/ec-be.fr\/?page_id=2318","url":"https:\/\/ec-be.fr\/?page_id=2318","name":"Expertise \/ Conseil technique - Cabinet ec-be","isPartOf":{"@id":"https:\/\/ec-be.fr\/#website"},"datePublished":"2024-04-25T09:29:49+00:00","dateModified":"2024-04-25T09:35:25+00:00","breadcrumb":{"@id":"https:\/\/ec-be.fr\/?page_id=2318#breadcrumb"},"inLanguage":"fr-FR","potentialAction":[{"@type":"ReadAction","target":["https:\/\/ec-be.fr\/?page_id=2318"]}]},{"@type":"BreadcrumbList","@id":"https:\/\/ec-be.fr\/?page_id=2318#breadcrumb","itemListElement":[{"@type":"ListItem","position":1,"name":"Accueil","item":"https:\/\/ec-be.fr\/"},{"@type":"ListItem","position":2,"name":"Expertise \/ Conseil technique"}]},{"@type":"WebSite","@id":"https:\/\/ec-be.fr\/#website","url":"https:\/\/ec-be.fr\/","name":"Cabinet ec-be","description":"","potentialAction":[{"@type":"SearchAction","target":{"@type":"EntryPoint","urlTemplate":"https:\/\/ec-be.fr\/?s={search_term_string}"},"query-input":{"@type":"PropertyValueSpecification","valueRequired":true,"valueName":"search_term_string"}}],"inLanguage":"fr-FR"}]}},"_links":{"self":[{"href":"https:\/\/ec-be.fr\/index.php?rest_route=\/wp\/v2\/pages\/2318","targetHints":{"allow":["GET"]}}],"collection":[{"href":"https:\/\/ec-be.fr\/index.php?rest_route=\/wp\/v2\/pages"}],"about":[{"href":"https:\/\/ec-be.fr\/index.php?rest_route=\/wp\/v2\/types\/page"}],"author":[{"embeddable":true,"href":"https:\/\/ec-be.fr\/index.php?rest_route=\/wp\/v2\/users\/1"}],"replies":[{"embeddable":true,"href":"https:\/\/ec-be.fr\/index.php?rest_route=%2Fwp%2Fv2%2Fcomments&post=2318"}],"version-history":[{"count":2,"href":"https:\/\/ec-be.fr\/index.php?rest_route=\/wp\/v2\/pages\/2318\/revisions"}],"predecessor-version":[{"id":2321,"href":"https:\/\/ec-be.fr\/index.php?rest_route=\/wp\/v2\/pages\/2318\/revisions\/2321"}],"wp:attachment":[{"href":"https:\/\/ec-be.fr\/index.php?rest_route=%2Fwp%2Fv2%2Fmedia&parent=2318"}],"curies":[{"name":"wp","href":"https:\/\/api.w.org\/{rel}","templated":true}]}}